{"id":202,"date":"2026-02-23T10:05:03","date_gmt":"2026-02-23T10:05:03","guid":{"rendered":"https:\/\/dobledigital.es\/?page_id=202"},"modified":"2026-02-23T12:52:55","modified_gmt":"2026-02-23T12:52:55","slug":"aviso-legal","status":"publish","type":"page","link":"https:\/\/dobledigital.es\/index.php\/aviso-legal\/","title":{"rendered":"Aviso legal"},"content":{"rendered":"\n<div class=\"wp-block-cover is-light\"><img loading=\"lazy\" decoding=\"async\" width=\"1024\" height=\"318\" class=\"wp-block-cover__image-background wp-image-260 size-large\" alt=\"\" src=\"https:\/\/dobledigital.es\/wp-content\/uploads\/2026\/02\/legal-1024x318.webp\" data-object-fit=\"cover\" srcset=\"https:\/\/dobledigital.es\/wp-content\/uploads\/2026\/02\/legal-1024x318.webp 1024w, https:\/\/dobledigital.es\/wp-content\/uploads\/2026\/02\/legal-300x93.webp 300w, https:\/\/dobledigital.es\/wp-content\/uploads\/2026\/02\/legal-768x238.webp 768w, https:\/\/dobledigital.es\/wp-content\/uploads\/2026\/02\/legal-1536x477.webp 1536w, https:\/\/dobledigital.es\/wp-content\/uploads\/2026\/02\/legal.webp 1920w\" sizes=\"auto, (max-width: 1024px) 100vw, 1024px\" \/><span aria-hidden=\"true\" class=\"wp-block-cover__background has-background-dim\" style=\"background-color:#92837f\"><\/span><div class=\"wp-block-cover__inner-container is-layout-constrained wp-block-cover-is-layout-constrained\">\n<p class=\"has-text-align-left has-white-color has-text-color has-link-color has-large-font-size wp-elements-b4bd699185877058b27378e17494b1a9\"><strong>Aviso Legal<\/strong><\/p>\n<\/div><\/div>\n\n\n\n<p><\/p>\n\n\n\n<p>El presente Aviso Legal regula el uso del servicio del portal de Internet con direcci\u00f3n WWW.DOBLEDIGITAL.ES, cuyo responsable a efectos identificativos es:<\/p>\n\n\n\n<ul class=\"wp-block-list\">\n<li>Responsable: Pedro Cruz Mart\u00ednez<\/li>\n\n\n\n<li>NIF: 26021990C<\/li>\n\n\n\n<li>Direcci\u00f3n: C\/ Principado de Asturias N\u00ba2 1B 23009 Ja\u00e9n<\/li>\n\n\n\n<li>Mail: pedrocruz@dobledigital.es<\/li>\n<\/ul>\n\n\n\n<p><strong><u>Legislaci\u00f3n<\/u><\/strong><\/p>\n\n\n\n<p>Con car\u00e1cter general las relaciones entre PEDRO CRUZ MART\u00cdNEZ con los Usuarios de sus servicios telem\u00e1ticos, presentes en la web, se encuentran sometidas a la legislaci\u00f3n y jurisdicci\u00f3n espa\u00f1olas.<\/p>\n\n\n\n<p>Las partes renuncian expresamente al fuero que les pudiera corresponder y someten expresamente a los Juzgados y Tribunales de JA\u00c9N para resolver cualquier controversia que pudiera surgir en la interpretaci\u00f3n o ejecuci\u00f3n de las presentes condiciones contractuales.<\/p>\n\n\n\n<p><strong><u>Contenido y Uso<\/u><\/strong><\/p>\n\n\n\n<p>El Usuario queda informado, y acepta, que el acceso a la presente web no supone, en modo alguno, el inicio de una relaci\u00f3n comercial con PEDRO CRUZ MART\u00cdNEZ.<\/p>\n\n\n\n<p>El titular del web no se identifica con las opiniones vertidas en el mismo por sus colaboradores. La Empresa se reserva el derecho de efectuar sin previo aviso las modificaciones que considere oportunas en su Web, pudiendo cambiar, suprimir o a\u00f1adir tanto los contenidos y servicios que se presten a trav\u00e9s de la misma como la forma en la que \u00e9stos aparezcan presentados o localizados en sus servidores.<\/p>\n\n\n\n<p><strong><u>Propiedad intelectual e industrial<\/u><\/strong><\/p>\n\n\n\n<p>Los derechos de propiedad intelectual del contenido de las p\u00e1ginas web, su dise\u00f1o gr\u00e1fico y c\u00f3digos son titularidad de PEDRO CRUZ MART\u00cdNEZ y, por tanto, queda prohibida su reproducci\u00f3n, distribuci\u00f3n, comunicaci\u00f3n p\u00fablica, transformaci\u00f3n o cualquier otra actividad que se pueda realizar con los contenidos de sus p\u00e1ginas web ni aun citando las fuentes, salvo consentimiento por escrito de PEDRO CRUZ MART\u00cdNEZ Todos los nombres comerciales, marcas o signos distintos de cualquier clase contenidos en las p\u00e1ginas web de la Empresa son propiedad de sus due\u00f1os y est\u00e1n protegidos por ley.<\/p>\n\n\n\n<p><strong><u>Enlaces (Links)<\/u><\/strong><\/p>\n\n\n\n<p>La presencia de enlaces (links) en las p\u00e1ginas web de PEDRO CRUZ MART\u00cdNEZ tiene finalidad meramente informativa y en ning\u00fan caso supone sugerencia, invitaci\u00f3n o recomendaci\u00f3n sobre los mismos.<\/p>\n\n\n\n<p>\u00abLas im\u00e1genes y videos utilizados en este sitio web provienen de&nbsp;Pexels&nbsp;(pexels.com) y se utilizan bajo la licencia de Pexels, la cual permite su uso gratuito para fines comerciales y no comerciales sin necesidad de atribuci\u00f3n obligatoria. Reservado para los datos legales de DobleDigital.<\/p>\n","protected":false},"excerpt":{"rendered":"<p>El presente Aviso Legal regula el uso del servicio del portal de Internet con direcci\u00f3n WWW.DOBLEDIGITAL.ES, cuyo responsable a efectos [&hellip;]<\/p>\n","protected":false},"author":1,"featured_media":0,"parent":0,"menu_order":0,"comment_status":"closed","ping_status":"closed","template":"","meta":{"_uag_custom_page_level_css":"","site-sidebar-layout":"default","site-content-layout":"","ast-site-content-layout":"default","site-content-style":"default","site-sidebar-style":"default","ast-global-header-display":"","ast-banner-title-visibility":"","ast-main-header-display":"","ast-hfb-above-header-display":"","ast-hfb-below-header-display":"","ast-hfb-mobile-header-display":"","site-post-title":"disabled","ast-breadcrumbs-content":"","ast-featured-img":"","footer-sml-layout":"","ast-disable-related-posts":"","theme-transparent-header-meta":"","adv-header-id-meta":"","stick-header-meta":"","header-above-stick-meta":"","header-main-stick-meta":"","header-below-stick-meta":"","astra-migrate-meta-layouts":"default","ast-page-background-enabled":"default","ast-page-background-meta":{"desktop":{"background-color":"var(--ast-global-color-5)","background-image":"","background-repeat":"repeat","background-position":"center center","background-size":"auto","background-attachment":"scroll","background-type":"","background-media":"","overlay-type":"","overlay-color":"","overlay-opacity":"","overlay-gradient":""},"tablet":{"background-color":"","background-image":"","background-repeat":"repeat","background-position":"center center","background-size":"auto","background-attachment":"scroll","background-type":"","background-media":"","overlay-type":"","overlay-color":"","overlay-opacity":"","overlay-gradient":""},"mobile":{"background-color":"","background-image":"","background-repeat":"repeat","background-position":"center center","background-size":"auto","background-attachment":"scroll","background-type":"","background-media":"","overlay-type":"","overlay-color":"","overlay-opacity":"","overlay-gradient":""}},"ast-content-background-meta":{"desktop":{"background-color":"var(--ast-global-color-4)","background-image":"","background-repeat":"repeat","background-position":"center center","background-size":"auto","background-attachment":"scroll","background-type":"","background-media":"","overlay-type":"","overlay-color":"","overlay-opacity":"","overlay-gradient":""},"tablet":{"background-color":"var(--ast-global-color-4)","background-image":"","background-repeat":"repeat","background-position":"center center","background-size":"auto","background-attachment":"scroll","background-type":"","background-media":"","overlay-type":"","overlay-color":"","overlay-opacity":"","overlay-gradient":""},"mobile":{"background-color":"var(--ast-global-color-4)","background-image":"","background-repeat":"repeat","background-position":"center center","background-size":"auto","background-attachment":"scroll","background-type":"","background-media":"","overlay-type":"","overlay-color":"","overlay-opacity":"","overlay-gradient":""}},"footnotes":""},"class_list":["post-202","page","type-page","status-publish","hentry"],"uagb_featured_image_src":{"full":false,"thumbnail":false,"medium":false,"medium_large":false,"large":false,"1536x1536":false,"2048x2048":false},"uagb_author_info":{"display_name":"admin","author_link":"https:\/\/dobledigital.es\/index.php\/author\/pedro088cm\/"},"uagb_comment_info":0,"uagb_excerpt":"El presente Aviso Legal regula el uso del servicio del portal de Internet con direcci\u00f3n WWW.DOBLEDIGITAL.ES, cuyo responsable a efectos [&hellip;]","_links":{"self":[{"href":"https:\/\/dobledigital.es\/index.php\/wp-json\/wp\/v2\/pages\/202","targetHints":{"allow":["GET"]}}],"collection":[{"href":"https:\/\/dobledigital.es\/index.php\/wp-json\/wp\/v2\/pages"}],"about":[{"href":"https:\/\/dobledigital.es\/index.php\/wp-json\/wp\/v2\/types\/page"}],"author":[{"embeddable":true,"href":"https:\/\/dobledigital.es\/index.php\/wp-json\/wp\/v2\/users\/1"}],"replies":[{"embeddable":true,"href":"https:\/\/dobledigital.es\/index.php\/wp-json\/wp\/v2\/comments?post=202"}],"version-history":[{"count":6,"href":"https:\/\/dobledigital.es\/index.php\/wp-json\/wp\/v2\/pages\/202\/revisions"}],"predecessor-version":[{"id":262,"href":"https:\/\/dobledigital.es\/index.php\/wp-json\/wp\/v2\/pages\/202\/revisions\/262"}],"wp:attachment":[{"href":"https:\/\/dobledigital.es\/index.php\/wp-json\/wp\/v2\/media?parent=202"}],"curies":[{"name":"wp","href":"https:\/\/api.w.org\/{rel}","templated":true}]}}